{"id":548,"date":"2024-03-20T09:07:15","date_gmt":"2024-03-20T08:07:15","guid":{"rendered":"https:\/\/brennessel-ravensburg.de\/wordpress\/?page_id=548"},"modified":"2025-12-18T11:22:58","modified_gmt":"2025-12-18T10:22:58","slug":"praevention","status":"publish","type":"page","link":"https:\/\/brennessel-ravensburg.de\/wordpress\/praevention\/","title":{"rendered":"Pr\u00e4vention"},"content":{"rendered":"\t\t<div data-elementor-type=\"wp-page\" data-elementor-id=\"548\" class=\"elementor elementor-548\" data-elementor-post-type=\"page\">\n\t\t\t\t<div class=\"elementor-element elementor-element-2dde472c e-flex e-con-boxed e-con e-parent\" data-id=\"2dde472c\" data-element_type=\"container\" data-e-type=\"container\" data-settings=\"{&quot;background_background&quot;:&quot;classic&quot;}\">\n\t\t\t\t\t<div class=\"e-con-inner\">\n\t\t<div class=\"elementor-element elementor-element-30e71f48 e-flex e-con-boxed e-con e-child\" data-id=\"30e71f48\" data-element_type=\"container\" data-e-type=\"container\">\n\t\t\t\t\t<div class=\"e-con-inner\">\n\t\t\t\t<div class=\"elementor-element elementor-element-66dc82fe elementor-invisible elementor-widget elementor-widget-heading\" data-id=\"66dc82fe\" data-element_type=\"widget\" data-e-type=\"widget\" data-settings=\"{&quot;_animation&quot;:&quot;fadeInUp&quot;}\" data-widget_type=\"heading.default\">\n\t\t\t\t<div class=\"elementor-widget-container\">\n\t\t\t\t\t<h2 class=\"elementor-heading-title elementor-size-default\">Pr\u00e4vention<\/h2>\t\t\t\t<\/div>\n\t\t\t\t<\/div>\n\t\t\t\t\t<\/div>\n\t\t\t\t<\/div>\n\t\t\t\t\t<\/div>\n\t\t\t\t<\/div>\n\t\t<div class=\"elementor-element elementor-element-782ee30 e-flex e-con-boxed e-con e-parent\" data-id=\"782ee30\" data-element_type=\"container\" data-e-type=\"container\">\n\t\t\t\t\t<div class=\"e-con-inner\">\n\t\t\t\t<div class=\"elementor-element elementor-element-dd417a2 elementor-widget elementor-widget-spacer\" data-id=\"dd417a2\" data-element_type=\"widget\" data-e-type=\"widget\" data-widget_type=\"spacer.default\">\n\t\t\t\t<div class=\"elementor-widget-container\">\n\t\t\t\t\t\t\t<div class=\"elementor-spacer\">\n\t\t\t<div class=\"elementor-spacer-inner\"><\/div>\n\t\t<\/div>\n\t\t\t\t\t\t<\/div>\n\t\t\t\t<\/div>\n\t\t\t\t\t<\/div>\n\t\t\t\t<\/div>\n\t\t<div class=\"elementor-element elementor-element-da20db8 e-flex e-con-boxed e-con e-parent\" data-id=\"da20db8\" data-element_type=\"container\" data-e-type=\"container\">\n\t\t\t\t\t<div class=\"e-con-inner\">\n\t\t\t\t<div class=\"elementor-element elementor-element-28ffa6a elementor-invisible elementor-widget elementor-widget-elementskit-heading\" data-id=\"28ffa6a\" data-element_type=\"widget\" data-e-type=\"widget\" data-settings=\"{&quot;_animation&quot;:&quot;fadeInUp&quot;}\" data-widget_type=\"elementskit-heading.default\">\n\t\t\t\t<div class=\"elementor-widget-container\">\n\t\t\t\t\t<div class=\"ekit-wid-con\" ><div class=\"ekit-heading elementskit-section-title-wraper text_left   ekit_heading_tablet-   ekit_heading_mobile-\"><h2 class=\"ekit-heading--title elementskit-section-title \">Beratung und Pr\u00e4vention<\/h2><div class=\"ekit_heading_separetor_wraper ekit_heading_elementskit-border-divider ekit-dotted\"><div class=\"elementskit-border-divider ekit-dotted\"><\/div><\/div><\/div><\/div>\t\t\t\t<\/div>\n\t\t\t\t<\/div>\n\t\t\t\t\t<\/div>\n\t\t\t\t<\/div>\n\t\t<div class=\"elementor-element elementor-element-5e39ef3 e-flex e-con-boxed e-con e-parent\" data-id=\"5e39ef3\" data-element_type=\"container\" data-e-type=\"container\" data-settings=\"{&quot;background_background&quot;:&quot;classic&quot;}\">\n\t\t\t\t\t<div class=\"e-con-inner\">\n\t\t<div class=\"elementor-element elementor-element-e7b84ee e-flex e-con-boxed e-con e-child\" data-id=\"e7b84ee\" data-element_type=\"container\" data-e-type=\"container\">\n\t\t\t\t\t<div class=\"e-con-inner\">\n\t\t\t\t<div class=\"elementor-element elementor-element-c90a0ca elementor-widget__width-initial elementor-widget elementor-widget-text-editor\" data-id=\"c90a0ca\" data-element_type=\"widget\" data-e-type=\"widget\" data-widget_type=\"text-editor.default\">\n\t\t\t\t<div class=\"elementor-widget-container\">\n\t\t\t\t\t\t\t\t\t<p>gegen Sexualisierte Gewalt in Kindheit und Jugend ist Teil unserer Arbeit.<span class=\"Apple-converted-space\">\u00a0<\/span><\/p><p>Pr\u00e4ventionsangebote erleichtern h\u00e4ufig den Zugang zu unseren Fachberatungsstellen \u2013 f\u00fcr Fachkr\u00e4fte, aber auch f\u00fcr Bezugs- und Vertrauenspersonen und f\u00fcr die Kinder und Jugendlichen.<\/p><p>\u00a0<\/p>\t\t\t\t\t\t\t\t<\/div>\n\t\t\t\t<\/div>\n\t\t\t\t\t<\/div>\n\t\t\t\t<\/div>\n\t\t<div class=\"elementor-element elementor-element-4b99e60 e-flex e-con-boxed e-con e-child\" data-id=\"4b99e60\" data-element_type=\"container\" data-e-type=\"container\">\n\t\t\t\t\t<div class=\"e-con-inner\">\n\t\t\t\t<div class=\"elementor-element elementor-element-e7e3132 elementor-widget elementor-widget-text-editor\" data-id=\"e7e3132\" data-element_type=\"widget\" data-e-type=\"widget\" data-widget_type=\"text-editor.default\">\n\t\t\t\t<div class=\"elementor-widget-container\">\n\t\t\t\t\t\t\t\t\t<p><strong>Verantwortung!<\/strong> Die Verantwortung f\u00fcr die Pr\u00e4vention und den Schutz liegt bei den erwachsenen Personen.<\/p><p><strong>St\u00e4rkung!<\/strong> Kinder und Jugendliche werden ermutigt und gest\u00e4rkt, zu sich zu stehen und sich Hilfe zu holen.<\/p><p><strong>Sensibilisieren und Aufkl\u00e4rung!<\/strong> Kinder und Jugendliche werden behutsam an das Thema herangef\u00fchrt. Erwachsende bekommen dabei Unterst\u00fctzung.<\/p><p><strong>Handlungssicherheit!<\/strong> Wissen und Kommunikation gibt Sicherheit und er\u00f6ffnet Handlungsstrategien &#8211; zum Schutz der Kinder und Jugendlichen.\u00a0<\/p>\t\t\t\t\t\t\t\t<\/div>\n\t\t\t\t<\/div>\n\t\t\t\t\t<\/div>\n\t\t\t\t<\/div>\n\t\t\t\t\t<\/div>\n\t\t\t\t<\/div>\n\t\t<div class=\"elementor-element elementor-element-6c36205 e-flex e-con-boxed e-con e-parent\" data-id=\"6c36205\" data-element_type=\"container\" data-e-type=\"container\">\n\t\t\t\t\t<div class=\"e-con-inner\">\n\t\t<div class=\"elementor-element elementor-element-c1d566a e-con-full e-flex e-con e-child\" data-id=\"c1d566a\" data-element_type=\"container\" data-e-type=\"container\">\n\t\t\t\t<div class=\"elementor-element elementor-element-02f8d0b elementor-widget elementor-widget-text-editor\" data-id=\"02f8d0b\" data-element_type=\"widget\" data-e-type=\"widget\" data-widget_type=\"text-editor.default\">\n\t\t\t\t<div class=\"elementor-widget-container\">\n\t\t\t\t\t\t\t\t\t<p>In Pr\u00e4ventionsprojekten werden Kinder und Jugendliche gegen sexualisierte Gewalt gest\u00e4rkt. Pr\u00e4ventionsarbeit muss jedoch als gemeinsame Aufgabe von Eltern und p\u00e4dagogischen Fachkr\u00e4ften verstanden werden.<\/p><p>In unserer Pr\u00e4ventionsarbeit orientieren wir uns im Wesentlichen an den Qualit\u00e4tsstandards der \u201eDeutschen Gesellschaft f\u00fcr Pr\u00e4vention und Intervention bei Kindesmisshandlung, &#8211; vernachl\u00e4ssigung und sexualisierter Gewalt e.V. (DGfPI)<\/p>\t\t\t\t\t\t\t\t<\/div>\n\t\t\t\t<\/div>\n\t\t\t\t<\/div>\n\t\t<div class=\"elementor-element elementor-element-aa89e00 e-con-full e-flex e-con e-child\" data-id=\"aa89e00\" data-element_type=\"container\" data-e-type=\"container\">\n\t\t\t\t<div class=\"elementor-element elementor-element-3408b95 elementor-widget elementor-widget-image\" data-id=\"3408b95\" data-element_type=\"widget\" data-e-type=\"widget\" data-widget_type=\"image.default\">\n\t\t\t\t<div class=\"elementor-widget-container\">\n\t\t\t\t\t\t\t\t\t\t\t\t\t\t\t<img fetchpriority=\"high\" decoding=\"async\" width=\"1024\" height=\"664\" src=\"https:\/\/brennessel-ravensburg.de\/wordpress\/wp-content\/uploads\/2024\/10\/Praevention_loverboy-b1080-1024x664.jpg\" class=\"attachment-large size-large wp-image-2654\" alt=\"\" srcset=\"https:\/\/brennessel-ravensburg.de\/wordpress\/wp-content\/uploads\/2024\/10\/Praevention_loverboy-b1080-1024x664.jpg 1024w, https:\/\/brennessel-ravensburg.de\/wordpress\/wp-content\/uploads\/2024\/10\/Praevention_loverboy-b1080-300x194.jpg 300w, https:\/\/brennessel-ravensburg.de\/wordpress\/wp-content\/uploads\/2024\/10\/Praevention_loverboy-b1080-768x498.jpg 768w, https:\/\/brennessel-ravensburg.de\/wordpress\/wp-content\/uploads\/2024\/10\/Praevention_loverboy-b1080.jpg 1080w\" sizes=\"(max-width: 1024px) 100vw, 1024px\" \/>\t\t\t\t\t\t\t\t\t\t\t\t\t\t\t<\/div>\n\t\t\t\t<\/div>\n\t\t\t\t<\/div>\n\t\t\t\t\t<\/div>\n\t\t\t\t<\/div>\n\t\t<div class=\"elementor-element elementor-element-84c6483 e-flex e-con-boxed e-con e-parent\" data-id=\"84c6483\" data-element_type=\"container\" data-e-type=\"container\" data-settings=\"{&quot;background_background&quot;:&quot;classic&quot;}\">\n\t\t\t\t\t<div class=\"e-con-inner\">\n\t\t<div class=\"elementor-element elementor-element-5bb12ef e-flex e-con-boxed e-con e-child\" data-id=\"5bb12ef\" data-element_type=\"container\" data-e-type=\"container\">\n\t\t\t\t\t<div class=\"e-con-inner\">\n\t\t\t\t<div class=\"elementor-element elementor-element-e405775 elementor-widget elementor-widget-heading\" data-id=\"e405775\" data-element_type=\"widget\" data-e-type=\"widget\" data-widget_type=\"heading.default\">\n\t\t\t\t<div class=\"elementor-widget-container\">\n\t\t\t\t\t<h2 class=\"elementor-heading-title elementor-size-default\">Zielgruppe<\/h2>\t\t\t\t<\/div>\n\t\t\t\t<\/div>\n\t\t\t\t\t<\/div>\n\t\t\t\t<\/div>\n\t\t\t\t\t<\/div>\n\t\t\t\t<\/div>\n\t\t<div class=\"elementor-element elementor-element-7fbceabf e-flex e-con-boxed e-con e-parent\" data-id=\"7fbceabf\" data-element_type=\"container\" data-e-type=\"container\" data-settings=\"{&quot;background_background&quot;:&quot;classic&quot;}\">\n\t\t\t\t\t<div class=\"e-con-inner\">\n\t\t<div class=\"elementor-element elementor-element-2c001729 e-flex e-con-boxed e-con e-child\" data-id=\"2c001729\" data-element_type=\"container\" data-e-type=\"container\">\n\t\t\t\t\t<div class=\"e-con-inner\">\n\t\t\t\t<div class=\"elementor-element elementor-element-1645c2e9 elementor-widget elementor-widget-text-editor\" data-id=\"1645c2e9\" data-element_type=\"widget\" data-e-type=\"widget\" data-widget_type=\"text-editor.default\">\n\t\t\t\t<div class=\"elementor-widget-container\">\n\t\t\t\t\t\t\t\t\t<ul><li>Kinderg\u00e4rten<\/li><li>Schulen<\/li><li>Institutionen der Jugendhilfe<\/li><li>Einrichtungen f\u00fcr Menschen mit Behinderung<\/li><li>Ausbildungsst\u00e4tten, Fachschulen<\/li><li>Fachhochschule, Hochschule<\/li><\/ul>\t\t\t\t\t\t\t\t<\/div>\n\t\t\t\t<\/div>\n\t\t\t\t<div class=\"elementor-element elementor-element-9f3cfa8 elementor-widget elementor-widget-text-editor\" data-id=\"9f3cfa8\" data-element_type=\"widget\" data-e-type=\"widget\" data-widget_type=\"text-editor.default\">\n\t\t\t\t<div class=\"elementor-widget-container\">\n\t\t\t\t\t\t\t\t\t<ul><li>Vereine<\/li><li>Kommunale und freie Tr\u00e4ger von Institutionen<\/li><li>Medizinische und psychiatrische Einrichtungen<\/li><li>Fachleute<\/li><li>Interessierte \u00d6ffentlichkeit<\/li><li>&#8230; etc.<\/li><\/ul>\t\t\t\t\t\t\t\t<\/div>\n\t\t\t\t<\/div>\n\t\t\t\t\t<\/div>\n\t\t\t\t<\/div>\n\t\t\t\t\t<\/div>\n\t\t\t\t<\/div>\n\t\t<div class=\"elementor-element elementor-element-13908b8 e-flex e-con-boxed e-con e-parent\" data-id=\"13908b8\" data-element_type=\"container\" data-e-type=\"container\" data-settings=\"{&quot;background_background&quot;:&quot;classic&quot;}\">\n\t\t\t\t\t<div class=\"e-con-inner\">\n\t\t<div class=\"elementor-element elementor-element-6a0e018 e-flex e-con-boxed e-con e-child\" data-id=\"6a0e018\" data-element_type=\"container\" data-e-type=\"container\">\n\t\t\t\t\t<div class=\"e-con-inner\">\n\t\t\t\t<div class=\"elementor-element elementor-element-f51db6a elementor-invisible elementor-widget elementor-widget-elementskit-heading\" data-id=\"f51db6a\" data-element_type=\"widget\" data-e-type=\"widget\" data-settings=\"{&quot;_animation&quot;:&quot;fadeInUp&quot;}\" data-widget_type=\"elementskit-heading.default\">\n\t\t\t\t<div class=\"elementor-widget-container\">\n\t\t\t\t\t<div class=\"ekit-wid-con\" ><div class=\"ekit-heading elementskit-section-title-wraper text_left   ekit_heading_tablet-   ekit_heading_mobile-\"><h2 class=\"ekit-heading--title elementskit-section-title \">Was bieten wir an - und f\u00fcr wen?<\/h2><div class=\"ekit_heading_separetor_wraper ekit_heading_elementskit-border-divider ekit-dotted\"><div class=\"elementskit-border-divider ekit-dotted\"><\/div><\/div><\/div><\/div>\t\t\t\t<\/div>\n\t\t\t\t<\/div>\n\t\t\t\t<div class=\"elementor-element elementor-element-2d2407a elementor-widget__width-initial elementor-widget elementor-widget-text-editor\" data-id=\"2d2407a\" data-element_type=\"widget\" data-e-type=\"widget\" data-widget_type=\"text-editor.default\">\n\t\t\t\t<div class=\"elementor-widget-container\">\n\t\t\t\t\t\t\t\t\t<ul><li>Projekte und Workshops in Kitas, Schulen, \u00a0Ausbildung<\/li><li>Fortbildung f\u00fcr Fachkr\u00e4fte<\/li><li>Elternabende und Vortr\u00e4ge<\/li><li>Information, Beratung und Schulung im Schutzkonzeptentwicklungsprozess<\/li><\/ul>\t\t\t\t\t\t\t\t<\/div>\n\t\t\t\t<\/div>\n\t\t\t\t\t<\/div>\n\t\t\t\t<\/div>\n\t\t<div class=\"elementor-element elementor-element-8e528b2 e-con-full e-flex e-con e-child\" data-id=\"8e528b2\" data-element_type=\"container\" data-e-type=\"container\">\n\t\t\t\t<div class=\"elementor-element elementor-element-5b4ba2d elementor-widget elementor-widget-image\" data-id=\"5b4ba2d\" data-element_type=\"widget\" data-e-type=\"widget\" data-widget_type=\"image.default\">\n\t\t\t\t<div class=\"elementor-widget-container\">\n\t\t\t\t\t\t\t\t\t\t\t\t\t\t\t<img decoding=\"async\" width=\"1024\" height=\"768\" src=\"https:\/\/brennessel-ravensburg.de\/wordpress\/wp-content\/uploads\/2024\/10\/Schatzkiste_b1080-1024x768.jpg\" class=\"attachment-large size-large wp-image-2752\" alt=\"Echte Schaetze\" srcset=\"https:\/\/brennessel-ravensburg.de\/wordpress\/wp-content\/uploads\/2024\/10\/Schatzkiste_b1080-1024x768.jpg 1024w, https:\/\/brennessel-ravensburg.de\/wordpress\/wp-content\/uploads\/2024\/10\/Schatzkiste_b1080-300x225.jpg 300w, https:\/\/brennessel-ravensburg.de\/wordpress\/wp-content\/uploads\/2024\/10\/Schatzkiste_b1080-768x576.jpg 768w, https:\/\/brennessel-ravensburg.de\/wordpress\/wp-content\/uploads\/2024\/10\/Schatzkiste_b1080.jpg 1080w\" sizes=\"(max-width: 1024px) 100vw, 1024px\" \/>\t\t\t\t\t\t\t\t\t\t\t\t\t\t\t<\/div>\n\t\t\t\t<\/div>\n\t\t\t\t<\/div>\n\t\t\t\t\t<\/div>\n\t\t\t\t<\/div>\n\t\t<div class=\"elementor-element elementor-element-05ff94b e-flex e-con-boxed e-con e-parent\" data-id=\"05ff94b\" data-element_type=\"container\" data-e-type=\"container\">\n\t\t\t\t\t<div class=\"e-con-inner\">\n\t\t\t\t<div class=\"elementor-element elementor-element-032f536 elementor-widget elementor-widget-spacer\" data-id=\"032f536\" data-element_type=\"widget\" data-e-type=\"widget\" data-widget_type=\"spacer.default\">\n\t\t\t\t<div class=\"elementor-widget-container\">\n\t\t\t\t\t\t\t<div class=\"elementor-spacer\">\n\t\t\t<div class=\"elementor-spacer-inner\"><\/div>\n\t\t<\/div>\n\t\t\t\t\t\t<\/div>\n\t\t\t\t<\/div>\n\t\t\t\t\t<\/div>\n\t\t\t\t<\/div>\n\t\t\t\t<\/div>\n\t\t","protected":false},"excerpt":{"rendered":"<p>Pr\u00e4vention Beratung und Pr\u00e4vention gegen Sexualisierte Gewalt in Kindheit und Jugend ist Teil unserer Arbeit.\u00a0 Pr\u00e4ventionsangebote erleichtern h\u00e4ufig den Zugang [&hellip;]<\/p>\n","protected":false},"author":2,"featured_media":0,"parent":0,"menu_order":0,"comment_status":"closed","ping_status":"closed","template":"","meta":{"site-sidebar-layout":"no-sidebar","site-content-layout":"","ast-site-content-layout":"full-width-container","site-content-style":"default","site-sidebar-style":"default","ast-global-header-display":"","ast-banner-title-visibility":"","ast-main-header-display":"","ast-hfb-above-header-display":"","ast-hfb-below-header-display":"","ast-hfb-mobile-header-display":"","site-post-title":"disabled","ast-breadcrumbs-content":"","ast-featured-img":"disabled","footer-sml-layout":"","ast-disable-related-posts":"","theme-transparent-header-meta":"","adv-header-id-meta":"","stick-header-meta":"","header-above-stick-meta":"","header-main-stick-meta":"","header-below-stick-meta":"","astra-migrate-meta-layouts":"default","ast-page-background-enabled":"default","ast-page-background-meta":{"desktop":{"background-color":"var(--ast-global-color-4)","background-image":"","background-repeat":"repeat","background-position":"center center","background-size":"auto","background-attachment":"scroll","background-type":"","background-media":"","overlay-type":"","overlay-color":"","overlay-opacity":"","overlay-gradient":""},"tablet":{"background-color":"","background-image":"","background-repeat":"repeat","background-position":"center center","background-size":"auto","background-attachment":"scroll","background-type":"","background-media":"","overlay-type":"","overlay-color":"","overlay-opacity":"","overlay-gradient":""},"mobile":{"background-color":"","background-image":"","background-repeat":"repeat","background-position":"center center","background-size":"auto","background-attachment":"scroll","background-type":"","background-media":"","overlay-type":"","overlay-color":"","overlay-opacity":"","overlay-gradient":""}},"ast-content-background-meta":{"desktop":{"background-color":"var(--ast-global-color-5)","background-image":"","background-repeat":"repeat","background-position":"center center","background-size":"auto","background-attachment":"scroll","background-type":"","background-media":"","overlay-type":"","overlay-color":"","overlay-opacity":"","overlay-gradient":""},"tablet":{"background-color":"var(--ast-global-color-5)","background-image":"","background-repeat":"repeat","background-position":"center center","background-size":"auto","background-attachment":"scroll","background-type":"","background-media":"","overlay-type":"","overlay-color":"","overlay-opacity":"","overlay-gradient":""},"mobile":{"background-color":"var(--ast-global-color-5)","background-image":"","background-repeat":"repeat","background-position":"center center","background-size":"auto","background-attachment":"scroll","background-type":"","background-media":"","overlay-type":"","overlay-color":"","overlay-opacity":"","overlay-gradient":""}},"footnotes":""},"class_list":["post-548","page","type-page","status-publish","hentry"],"_links":{"self":[{"href":"https:\/\/brennessel-ravensburg.de\/wordpress\/wp-json\/wp\/v2\/pages\/548","targetHints":{"allow":["GET"]}}],"collection":[{"href":"https:\/\/brennessel-ravensburg.de\/wordpress\/wp-json\/wp\/v2\/pages"}],"about":[{"href":"https:\/\/brennessel-ravensburg.de\/wordpress\/wp-json\/wp\/v2\/types\/page"}],"author":[{"embeddable":true,"href":"https:\/\/brennessel-ravensburg.de\/wordpress\/wp-json\/wp\/v2\/users\/2"}],"replies":[{"embeddable":true,"href":"https:\/\/brennessel-ravensburg.de\/wordpress\/wp-json\/wp\/v2\/comments?post=548"}],"version-history":[{"count":151,"href":"https:\/\/brennessel-ravensburg.de\/wordpress\/wp-json\/wp\/v2\/pages\/548\/revisions"}],"predecessor-version":[{"id":4059,"href":"https:\/\/brennessel-ravensburg.de\/wordpress\/wp-json\/wp\/v2\/pages\/548\/revisions\/4059"}],"wp:attachment":[{"href":"https:\/\/brennessel-ravensburg.de\/wordpress\/wp-json\/wp\/v2\/media?parent=548"}],"curies":[{"name":"wp","href":"https:\/\/api.w.org\/{rel}","templated":true}]}}